{"id":259,"date":"2022-12-05T17:27:24","date_gmt":"2022-12-05T17:27:24","guid":{"rendered":"https:\/\/arkis.com.tr\/?page_id=259"},"modified":"2026-04-12T23:18:08","modified_gmt":"2026-04-12T20:18:08","slug":"arkis-muhendislik","status":"publish","type":"page","link":"https:\/\/arkis.com.tr\/?page_id=259","title":{"rendered":"Ark\u0131\u015f M\u00fchendislik"},"content":{"rendered":"\t\t<div data-elementor-type=\"wp-page\" data-elementor-id=\"259\" class=\"elementor elementor-259\">\n\t\t\t\t<div class=\"elementor-element elementor-element-5294212 e-flex e-con-boxed e-con e-parent\" data-id=\"5294212\" data-element_type=\"container\" data-e-type=\"container\">\r\n\t\t\t\t\t<div class=\"e-con-inner\">\r\n\t\t\t\t<div class=\"elementor-element elementor-element-329f56d elementor-widget elementor-widget-porto_ultimate_heading\" data-id=\"329f56d\" data-element_type=\"widget\" data-e-type=\"widget\" data-widget_type=\"porto_ultimate_heading.default\">\n\t\t\t\t\t<div class=\"porto-u-heading  porto-u-55ca8359258f9a412be7e73af65d2aac\"><div class=\"porto-u-main-heading\"><h2   >Ark\u0131\u015f M\u00fchendislik<\/h2><\/div><div class=\"porto-u-sub-heading\" style=\"\"><p class=\"font-claude-response-body break-words whitespace-normal leading-[1.7]\">Firmam\u0131z 2022 y\u0131l\u0131nda kurulmu\u015f olup temel faaliyet alan\u0131m\u0131z anten tasar\u0131m\u0131 ve \u00fcretimidir. Bunun yan\u0131 s\u0131ra kablosuz haberle\u015fme ve nesnelerin interneti (IoT) alanlar\u0131nda da \u00e7al\u0131\u015fmalar y\u00fcr\u00fctmekteyiz. IoT projelerimizde iki temel teknolojiye odaklan\u0131yoruz: uzak mesafe uygulamalar\u0131 i\u00e7in LoRa, kapal\u0131 alan uygulamalar\u0131 i\u00e7in ise d\u00fc\u015f\u00fck g\u00fc\u00e7 t\u00fcketimli Bluetooth (BLE).<\/p><\/div><style>.porto-u-55ca8359258f9a412be7e73af65d2aac.porto-u-heading{text-align:center}<\/style><\/div>\t\t\t\t<\/div>\n\t\t\t\t<div class=\"elementor-element elementor-element-2cbd57a elementor-widget-divider--view-line elementor-widget elementor-widget-divider\" data-id=\"2cbd57a\" data-element_type=\"widget\" data-e-type=\"widget\" data-widget_type=\"divider.default\">\n\t\t\t\t\t\t\t<div class=\"elementor-divider\">\n\t\t\t<span class=\"elementor-divider-separator\">\n\t\t\t\t\t\t<\/span>\n\t\t<\/div>\n\t\t\t\t\t\t<\/div>\n\t\t\t\t\t<\/div>\n\t\t\t\t<\/div>\n\t\t<div class=\"elementor-element elementor-element-252b712 e-flex e-con-boxed e-con e-parent\" data-id=\"252b712\" data-element_type=\"container\" data-e-type=\"container\">\r\n\t\t\t\t\t<div class=\"e-con-inner\">\r\n\t\t\t\t<div class=\"elementor-element elementor-element-2051891 elementor-widget elementor-widget-porto_fancytext\" data-id=\"2051891\" data-element_type=\"widget\" data-e-type=\"widget\" data-widget_type=\"porto_fancytext.default\">\n\t\t\t\t\t<h6 class=\"word-rotator slide\" style=\"text-align:center;\" data-plugin-options=\"{'waittime': 2500, 'pauseOnHover': false}\"><span class=\"word-rotator-items\" style=\"\"><b class=\"active\">Anten Tasar\u0131m\u0131 ve \u00dcretimi<\/b><b>LoRa Haberle\u015fmesi<\/b><b>Bluetooth Low Energy<\/b><b>Nesnelerin \u0130nterneti<\/b><\/span><\/h6>\t\t\t\t<\/div>\n\t\t\t\t\t<\/div>\n\t\t\t\t<\/div>\n\t\t\t\t<\/div>\n\t\t","protected":false},"excerpt":{"rendered":"<p>Ark\u0131\u015f M\u00fchendislik Firmam\u0131z 2022 y\u0131l\u0131nda kurulmu\u015f olup temel faaliyet alan\u0131m\u0131z anten tasar\u0131m\u0131 ve \u00fcretimidir. Bunun yan\u0131 s\u0131ra kablosuz haberle\u015fme ve nesnelerin interneti (IoT) alanlar\u0131nda da \u00e7al\u0131\u015fmalar y\u00fcr\u00fctmekteyiz. IoT projelerimizde iki temel teknolojiye odaklan\u0131yoruz: uzak mesafe uygulamalar\u0131 i\u00e7in LoRa, kapal\u0131 alan uygulamalar\u0131 i\u00e7in ise d\u00fc\u015f\u00fck g\u00fc\u00e7 t\u00fcketimli Bluetooth (BLE). Anten Tasar\u0131m\u0131 ve \u00dcretimiLoRa Haberle\u015fmesiBluetooth Low EnergyNesnelerin [&hellip;]<\/p>\n","protected":false},"author":2,"featured_media":0,"parent":0,"menu_order":0,"comment_status":"closed","ping_status":"closed","template":"","meta":{"_crdt_document":"{\"document\":\"AAAGway5nhcGBAgyAQMADygDJwAEACcBKAQnACgFJ4ID3gJzdGF0ZXZlcnNpb25kb2N1bWVudGRhdGVkb2N1bWVudHNsdWdkb2N1bWVudHN0YXR1c2RvY3VtZW50dGl0bGVBcmvEscWfIE3DvGhlbmRpc2xpa2RvY3VtZW50Y29udGVudGRvY3VtZW50ZXhjZXJwdGRvY3VtZW50YXV0aG9yZG9jdW1lbnRmZWF0dXJlZF9tZWRpYWRvY3VtZW50Y29tbWVudF9zdGF0dXNkb2N1bWVudHBpbmdfc3RhdHVzZG9jdW1lbnR0ZW1wbGF0ZWRvY3VtZW50bWV0YV91YWdfY3VzdG9tX3BhZ2VfbGV2ZWxfY3NzZm9vdG5vdGVzX2VsZW1lbnRvcl9lZGl0X21vZGVfZWxlbWVudG9yX3RlbXBsYXRlX3R5cGVfZWxlbWVudG9yX2RhdGFfZWxlbWVudG9yX3BhZ2Vfc2V0dGluZ3Nkb2N1bWVudGJsb2NrcwUHCAQIBAgGCAURCAcIBwgGCA4IDggLSAEEGgkUGA8YCAYJAQQAAAEHAAUBBEIBAQACQQ0BFQB9AXcTMjAyMi0xMi0wNVQxNzoyNzoyNHcRYXJraXMtbXVoZW5kaXNsaWt3B3B1Ymxpc2h9An0AdwZjbG9zZWR3BmNsb3NlZHcAdwB3AHcAdwB3AH4A\",\"updateId\":613396007}","_uag_custom_page_level_css":"","footnotes":""},"class_list":["post-259","page","type-page","status-publish","hentry"],"yoast_head":"<!-- This site is optimized with the Yoast SEO plugin v27.3 - https:\/\/yoast.com\/product\/yoast-seo-wordpress\/ -->\n<title>Ark\u0131\u015f M\u00fchendislik - Ark\u0131\u015f M\u00fchendislik<\/title>\n<meta name=\"robots\" content=\"index, follow, max-snippet:-1, max-image-preview:large, max-video-preview:-1\" \/>\n<link rel=\"canonical\" href=\"https:\/\/arkis.com.tr\/?page_id=259\" \/>\n<meta property=\"og:locale\" content=\"tr_TR\" \/>\n<meta property=\"og:type\" content=\"article\" \/>\n<meta property=\"og:title\" content=\"Ark\u0131\u015f M\u00fchendislik - Ark\u0131\u015f M\u00fchendislik\" \/>\n<meta property=\"og:description\" content=\"Ark\u0131\u015f M\u00fchendislik Firmam\u0131z 2022 y\u0131l\u0131nda kurulmu\u015f olup temel faaliyet alan\u0131m\u0131z anten tasar\u0131m\u0131 ve \u00fcretimidir. Bunun yan\u0131 s\u0131ra kablosuz haberle\u015fme ve nesnelerin interneti (IoT) alanlar\u0131nda da \u00e7al\u0131\u015fmalar y\u00fcr\u00fctmekteyiz. IoT projelerimizde iki temel teknolojiye odaklan\u0131yoruz: uzak mesafe uygulamalar\u0131 i\u00e7in LoRa, kapal\u0131 alan uygulamalar\u0131 i\u00e7in ise d\u00fc\u015f\u00fck g\u00fc\u00e7 t\u00fcketimli Bluetooth (BLE). Anten Tasar\u0131m\u0131 ve \u00dcretimiLoRa Haberle\u015fmesiBluetooth Low EnergyNesnelerin [&hellip;]\" \/>\n<meta property=\"og:url\" content=\"https:\/\/arkis.com.tr\/?page_id=259\" \/>\n<meta property=\"og:site_name\" content=\"Ark\u0131\u015f M\u00fchendislik\" \/>\n<meta property=\"article:modified_time\" content=\"2026-04-12T20:18:08+00:00\" \/>\n<meta name=\"twitter:card\" content=\"summary_large_image\" \/>\n<meta name=\"twitter:label1\" content=\"Tahmini okuma s\u00fcresi\" \/>\n\t<meta name=\"twitter:data1\" content=\"1 dakika\" \/>\n<script type=\"application\/ld+json\" class=\"yoast-schema-graph\">{\"@context\":\"https:\\\/\\\/schema.org\",\"@graph\":[{\"@type\":\"WebPage\",\"@id\":\"https:\\\/\\\/arkis.com.tr\\\/?page_id=259\",\"url\":\"https:\\\/\\\/arkis.com.tr\\\/?page_id=259\",\"name\":\"Ark\u0131\u015f M\u00fchendislik - Ark\u0131\u015f M\u00fchendislik\",\"isPartOf\":{\"@id\":\"https:\\\/\\\/arkis.com.tr\\\/#website\"},\"datePublished\":\"2022-12-05T17:27:24+00:00\",\"dateModified\":\"2026-04-12T20:18:08+00:00\",\"breadcrumb\":{\"@id\":\"https:\\\/\\\/arkis.com.tr\\\/?page_id=259#breadcrumb\"},\"inLanguage\":\"tr\",\"potentialAction\":[{\"@type\":\"ReadAction\",\"target\":[\"https:\\\/\\\/arkis.com.tr\\\/?page_id=259\"]}]},{\"@type\":\"BreadcrumbList\",\"@id\":\"https:\\\/\\\/arkis.com.tr\\\/?page_id=259#breadcrumb\",\"itemListElement\":[{\"@type\":\"ListItem\",\"position\":1,\"name\":\"Anasayfa\",\"item\":\"https:\\\/\\\/arkis.com.tr\\\/\"},{\"@type\":\"ListItem\",\"position\":2,\"name\":\"Ark\u0131\u015f M\u00fchendislik\"}]},{\"@type\":\"WebSite\",\"@id\":\"https:\\\/\\\/arkis.com.tr\\\/#website\",\"url\":\"https:\\\/\\\/arkis.com.tr\\\/\",\"name\":\"Ark\u0131\u015f M\u00fchendislik\",\"description\":\"\",\"publisher\":{\"@id\":\"https:\\\/\\\/arkis.com.tr\\\/#organization\"},\"potentialAction\":[{\"@type\":\"SearchAction\",\"target\":{\"@type\":\"EntryPoint\",\"urlTemplate\":\"https:\\\/\\\/arkis.com.tr\\\/?s={search_term_string}\"},\"query-input\":{\"@type\":\"PropertyValueSpecification\",\"valueRequired\":true,\"valueName\":\"search_term_string\"}}],\"inLanguage\":\"tr\"},{\"@type\":\"Organization\",\"@id\":\"https:\\\/\\\/arkis.com.tr\\\/#organization\",\"name\":\"Ark\u0131\u015f M\u00fchendislik\",\"url\":\"https:\\\/\\\/arkis.com.tr\\\/\",\"logo\":{\"@type\":\"ImageObject\",\"inLanguage\":\"tr\",\"@id\":\"https:\\\/\\\/arkis.com.tr\\\/#\\\/schema\\\/logo\\\/image\\\/\",\"url\":\"https:\\\/\\\/arkis.com.tr\\\/wp-content\\\/uploads\\\/2022\\\/11\\\/cropped-Amblem_Seffaf-1.png\",\"contentUrl\":\"https:\\\/\\\/arkis.com.tr\\\/wp-content\\\/uploads\\\/2022\\\/11\\\/cropped-Amblem_Seffaf-1.png\",\"width\":512,\"height\":512,\"caption\":\"Ark\u0131\u015f M\u00fchendislik\"},\"image\":{\"@id\":\"https:\\\/\\\/arkis.com.tr\\\/#\\\/schema\\\/logo\\\/image\\\/\"}}]}<\/script>\n<!-- \/ Yoast SEO plugin. -->","yoast_head_json":{"title":"Ark\u0131\u015f M\u00fchendislik - Ark\u0131\u015f M\u00fchendislik","robots":{"index":"index","follow":"follow","max-snippet":"max-snippet:-1","max-image-preview":"max-image-preview:large","max-video-preview":"max-video-preview:-1"},"canonical":"https:\/\/arkis.com.tr\/?page_id=259","og_locale":"tr_TR","og_type":"article","og_title":"Ark\u0131\u015f M\u00fchendislik - Ark\u0131\u015f M\u00fchendislik","og_description":"Ark\u0131\u015f M\u00fchendislik Firmam\u0131z 2022 y\u0131l\u0131nda kurulmu\u015f olup temel faaliyet alan\u0131m\u0131z anten tasar\u0131m\u0131 ve \u00fcretimidir. Bunun yan\u0131 s\u0131ra kablosuz haberle\u015fme ve nesnelerin interneti (IoT) alanlar\u0131nda da \u00e7al\u0131\u015fmalar y\u00fcr\u00fctmekteyiz. IoT projelerimizde iki temel teknolojiye odaklan\u0131yoruz: uzak mesafe uygulamalar\u0131 i\u00e7in LoRa, kapal\u0131 alan uygulamalar\u0131 i\u00e7in ise d\u00fc\u015f\u00fck g\u00fc\u00e7 t\u00fcketimli Bluetooth (BLE). Anten Tasar\u0131m\u0131 ve \u00dcretimiLoRa Haberle\u015fmesiBluetooth Low EnergyNesnelerin [&hellip;]","og_url":"https:\/\/arkis.com.tr\/?page_id=259","og_site_name":"Ark\u0131\u015f M\u00fchendislik","article_modified_time":"2026-04-12T20:18:08+00:00","twitter_card":"summary_large_image","twitter_misc":{"Tahmini okuma s\u00fcresi":"1 dakika"},"schema":{"@context":"https:\/\/schema.org","@graph":[{"@type":"WebPage","@id":"https:\/\/arkis.com.tr\/?page_id=259","url":"https:\/\/arkis.com.tr\/?page_id=259","name":"Ark\u0131\u015f M\u00fchendislik - Ark\u0131\u015f M\u00fchendislik","isPartOf":{"@id":"https:\/\/arkis.com.tr\/#website"},"datePublished":"2022-12-05T17:27:24+00:00","dateModified":"2026-04-12T20:18:08+00:00","breadcrumb":{"@id":"https:\/\/arkis.com.tr\/?page_id=259#breadcrumb"},"inLanguage":"tr","potentialAction":[{"@type":"ReadAction","target":["https:\/\/arkis.com.tr\/?page_id=259"]}]},{"@type":"BreadcrumbList","@id":"https:\/\/arkis.com.tr\/?page_id=259#breadcrumb","itemListElement":[{"@type":"ListItem","position":1,"name":"Anasayfa","item":"https:\/\/arkis.com.tr\/"},{"@type":"ListItem","position":2,"name":"Ark\u0131\u015f M\u00fchendislik"}]},{"@type":"WebSite","@id":"https:\/\/arkis.com.tr\/#website","url":"https:\/\/arkis.com.tr\/","name":"Ark\u0131\u015f M\u00fchendislik","description":"","publisher":{"@id":"https:\/\/arkis.com.tr\/#organization"},"potentialAction":[{"@type":"SearchAction","target":{"@type":"EntryPoint","urlTemplate":"https:\/\/arkis.com.tr\/?s={search_term_string}"},"query-input":{"@type":"PropertyValueSpecification","valueRequired":true,"valueName":"search_term_string"}}],"inLanguage":"tr"},{"@type":"Organization","@id":"https:\/\/arkis.com.tr\/#organization","name":"Ark\u0131\u015f M\u00fchendislik","url":"https:\/\/arkis.com.tr\/","logo":{"@type":"ImageObject","inLanguage":"tr","@id":"https:\/\/arkis.com.tr\/#\/schema\/logo\/image\/","url":"https:\/\/arkis.com.tr\/wp-content\/uploads\/2022\/11\/cropped-Amblem_Seffaf-1.png","contentUrl":"https:\/\/arkis.com.tr\/wp-content\/uploads\/2022\/11\/cropped-Amblem_Seffaf-1.png","width":512,"height":512,"caption":"Ark\u0131\u015f M\u00fchendislik"},"image":{"@id":"https:\/\/arkis.com.tr\/#\/schema\/logo\/image\/"}}]}},"uagb_featured_image_src":{"full":false,"thumbnail":false,"medium":false,"medium_large":false,"large":false,"1536x1536":false,"2048x2048":false,"blog-large":false,"blog-medium":false,"blog-masonry":false,"blog-masonry-small":false,"blog-grid":false,"blog-grid-small":false,"related-post":false,"widget-thumb-medium":false},"uagb_author_info":{"display_name":"Ark\u0131\u015f M\u00fchendislik","author_link":"https:\/\/arkis.com.tr\/?author=2"},"uagb_comment_info":0,"uagb_excerpt":"Ark\u0131\u015f M\u00fchendislik Firmam\u0131z 2022 y\u0131l\u0131nda kurulmu\u015f olup temel faaliyet alan\u0131m\u0131z anten tasar\u0131m\u0131 ve \u00fcretimidir. Bunun yan\u0131 s\u0131ra kablosuz haberle\u015fme ve nesnelerin interneti (IoT) alanlar\u0131nda da \u00e7al\u0131\u015fmalar y\u00fcr\u00fctmekteyiz. IoT projelerimizde iki temel teknolojiye odaklan\u0131yoruz: uzak mesafe uygulamalar\u0131 i\u00e7in LoRa, kapal\u0131 alan uygulamalar\u0131 i\u00e7in ise d\u00fc\u015f\u00fck g\u00fc\u00e7 t\u00fcketimli Bluetooth (BLE). Anten Tasar\u0131m\u0131 ve \u00dcretimiLoRa Haberle\u015fmesiBluetooth Low EnergyNesnelerin&hellip;","_links":{"self":[{"href":"https:\/\/arkis.com.tr\/index.php?rest_route=\/wp\/v2\/pages\/259","targetHints":{"allow":["GET"]}}],"collection":[{"href":"https:\/\/arkis.com.tr\/index.php?rest_route=\/wp\/v2\/pages"}],"about":[{"href":"https:\/\/arkis.com.tr\/index.php?rest_route=\/wp\/v2\/types\/page"}],"author":[{"embeddable":true,"href":"https:\/\/arkis.com.tr\/index.php?rest_route=\/wp\/v2\/users\/2"}],"replies":[{"embeddable":true,"href":"https:\/\/arkis.com.tr\/index.php?rest_route=%2Fwp%2Fv2%2Fcomments&post=259"}],"version-history":[{"count":8,"href":"https:\/\/arkis.com.tr\/index.php?rest_route=\/wp\/v2\/pages\/259\/revisions"}],"predecessor-version":[{"id":3347,"href":"https:\/\/arkis.com.tr\/index.php?rest_route=\/wp\/v2\/pages\/259\/revisions\/3347"}],"wp:attachment":[{"href":"https:\/\/arkis.com.tr\/index.php?rest_route=%2Fwp%2Fv2%2Fmedia&parent=259"}],"curies":[{"name":"wp","href":"https:\/\/api.w.org\/{rel}","templated":true}]}}