{"id":343,"date":"2023-01-27T16:10:22","date_gmt":"2023-01-27T16:10:22","guid":{"rendered":"https:\/\/arkis.com.tr\/?page_id=343"},"modified":"2023-01-27T16:10:23","modified_gmt":"2023-01-27T16:10:23","slug":"nrf24l01-ve-arduino-ile-basit-kablosuz-haberlesme-nrf24l01-modulune-giris-1","status":"publish","type":"page","link":"https:\/\/arkis.com.tr\/?page_id=343","title":{"rendered":"nRF24L01 ve Arduino ile Basit Kablosuz Haberle\u015fme (nRF24L01 Mod\u00fcl\u00fcne Giri\u015f #1)"},"content":{"rendered":"\n<h2 class=\"wp-block-heading\">nRF24L01 ve Arduino ile Basit Kablosuz Haberle\u015fme (nRF24L01 Mod\u00fcl\u00fcne Giri\u015f #1)<\/h2>\n\n\n\n<p class=\"wp-block-paragraph\">Bu uygulamada nRF24L01 haberle\u015fme mod\u00fcl\u00fcn\u00fcn, Arduino Nano ile en temel \u015fekilde nas\u0131l haberle\u015fece\u011fi anlat\u0131lmaktad\u0131r. Bu haberle\u015fme ger\u00e7ekle\u015firken hi\u00e7bir ek komponent kullan\u0131lmam\u0131\u015f, sadece nRF24L01\u2019ler (al\u0131c\u0131 ve verici) kullan\u0131lm\u0131\u015ft\u0131r. nRF24L01\u2019in Arduino Nano ile ba\u011flant\u0131s\u0131 i\u00e7in \u201c <a href=\"https:\/\/arkis.com.tr\/?page_id=99\">nRF \u2013 Nano Geli\u015ftirme Kiti <\/a>\u201d kullan\u0131lm\u0131\u015ft\u0131r.<\/p>\n\n\n\n<h3 class=\"wp-block-heading\"><strong>nRF \u2013 Nano Geli\u015ftirme Kiti ile Devre Ba\u011flant\u0131s\u0131n\u0131 Olu\u015fturma<\/strong><\/h3>\n\n\n\n<p class=\"wp-block-paragraph\">nRF24L01\u2019 i Arduino Nano ile kullanmak i\u00e7in tek yapman\u0131z gereken mod\u00fclleri, yerlerine (al\u0131c\u0131 ve verici ) takmakt\u0131r.<\/p>\n\n\n\n<figure class=\"wp-block-image size-full\"><img fetchpriority=\"high\" decoding=\"async\" width=\"1152\" height=\"648\" src=\"https:\/\/arkis.com.tr\/wp-content\/uploads\/2023\/01\/montaj-videosu.gif\" alt=\"\" class=\"wp-image-344\"\/><\/figure>\n\n\n\n<h3 class=\"wp-block-heading\"><strong>nRF \u2013 Nano Geli\u015ftirme Kiti Kullanmadan Devre Ba\u011flant\u0131s\u0131<\/strong><\/h3>\n\n\n\n<p class=\"wp-block-paragraph\">nRF24L01 haberle\u015fme mod\u00fcl\u00fc, mikrokontrolc\u00fcye ba\u011flan\u0131rken 9 adet jumper gerekir. Jumperlarla, breadboarda kurulan devre bir kablo karma\u015fas\u0131 yarat\u0131r. Jumperlar, board\u2019da ki yerlerinden \u00e7\u0131k\u0131p, haberle\u015fme ba\u015flad\u0131\u011f\u0131nda, nRF24L01 gibi hassas \u00e7al\u0131\u015fan bir mod\u00fcl\u00fcn haberle\u015fmesinde kesintilere yol a\u00e7abilirler. Breadboarda kurulan bir devre uzun soluklu projelerde \u00e7al\u0131\u015f\u0131rken kullan\u0131c\u0131ya, kullan\u0131m kolayl\u0131\u011f\u0131 vermez.nRF \u2013 Nano Geli\u015ftirme Kiti olmad\u0131\u011f\u0131 durumlarda ba\u011flant\u0131n\u0131z\u0131 a\u015fa\u011f\u0131da g\u00f6sterildi\u011fi gibi yapabilirsiniz.<\/p>\n\n\n\n<figure class=\"wp-block-image size-full\"><img decoding=\"async\" width=\"1024\" height=\"518\" src=\"https:\/\/arkis.com.tr\/wp-content\/uploads\/2023\/01\/Temel_Baglanti_nrf_nano.jpg\" alt=\"\" class=\"wp-image-318\" srcset=\"https:\/\/arkis.com.tr\/wp-content\/uploads\/2023\/01\/Temel_Baglanti_nrf_nano.jpg 1024w, https:\/\/arkis.com.tr\/wp-content\/uploads\/2023\/01\/Temel_Baglanti_nrf_nano-768x389.jpg 768w\" sizes=\"(max-width: 1024px) 100vw, 1024px\" \/><\/figure>\n\n\n<div class=\"wp-block-image\">\n<figure class=\"aligncenter size-full\" id=\"wp-block-themeisle-blocks-image-ca116956\"><img decoding=\"async\" width=\"644\" height=\"362\" src=\"https:\/\/arkis.com.tr\/wp-content\/uploads\/2023\/01\/resim_2.jpg\" alt=\"\" class=\"wp-image-347\"\/><figcaption class=\"wp-element-caption\"><strong>Dev-Kit kullan\u0131lmadan yap\u0131lm\u0131\u015f nRF24L01 ve Arduino ba\u011flant\u0131s\u0131<\/strong><\/figcaption><\/figure>\n<\/div>\n\n\n<figure class=\"wp-block-image size-full\"><a href=\"https:\/\/arkis.com.tr\/?page_id=95\" target=\"_blank\" rel=\"noreferrer noopener\"><img loading=\"lazy\" decoding=\"async\" width=\"1024\" height=\"249\" src=\"https:\/\/arkis.com.tr\/wp-content\/uploads\/2023\/01\/resim_2.png\" alt=\"\" class=\"wp-image-350\" srcset=\"https:\/\/arkis.com.tr\/wp-content\/uploads\/2023\/01\/resim_2.png 1024w, https:\/\/arkis.com.tr\/wp-content\/uploads\/2023\/01\/resim_2-768x187.png 768w\" sizes=\"(max-width: 1024px) 100vw, 1024px\" \/><\/a><\/figure>\n\n\n\n<h3 class=\"wp-block-heading\"><strong>Al\u0131c\u0131 ve Verici Kodlar\u0131<\/strong><\/h3>\n\n\n\n<p class=\"wp-block-paragraph\"><strong>Verici<\/strong><\/p>\n\n\n\n<p class=\"wp-block-paragraph\">\u00d6ncelikle #include komutu ile SPI, nRF24L01 ve RF24 k\u00fct\u00fcphanelerimizi y\u00fckl\u00fcyoruz. RF24 i\u00e7in kablosuz() ad\u0131nda bir nesne tan\u0131ml\u0131yoruz ve parantez i\u00e7ine nRF24L01\u2019in ba\u011fl\u0131 oldu\u011fu&nbsp; CE ve CSN pinlerinin de\u011ferlerini&nbsp; (D9 ve D10 i\u00e7in 9 ve 10) yaz\u0131yoruz. Ard\u0131ndan adres ad\u0131nda bir byte dizisi olu\u015fturup t\u0131rnak i\u00e7erisinde belirtilen adresin al\u0131c\u0131 ve verici i\u00e7in ayn\u0131 olmas\u0131na dikkat ediyoruz. begin() komutu ile nrf mod\u00fcl\u00fcm\u00fcz\u00fc ba\u015flat\u0131yoruz. Buraya kadar anlat\u0131lan kodlar al\u0131c\u0131 ve verici i\u00e7in ayn\u0131d\u0131r.<\/p>\n\n\n<div class=\"wp-block-syntaxhighlighter-code \"><pre class=\"brush: arduino; title: ; notranslate\" title=\"\">\n#include &lt;SPI.h&gt;\n#include &lt;nRF24L01.h&gt;\n#include &lt;RF24.h&gt;\n \nRF24 kablosuz(9, 10);\nconst byte adres&#x5B;] = &quot;arkis&quot;;\n \nvoid setup() {\n  kablosuz.begin();\n  kablosuz.openWritingPipe(adres);\n}\n \nchar giden&#x5B;] = &quot;Merhaba D\u00fcnya&quot;;\n \nvoid loop() {\n  kablosuz.write(giden, sizeof(giden));  \n}\n<\/pre><\/div>\n\n\n<p class=\"wp-block-paragraph\">Verici tarafa openWritingPipe() ile bir hat olu\u015fturuyoruz. Ard\u0131ndan g\u00f6nderece\u011fimiz veriyi \u201cMerhaba D\u00fcnya\u201d parametresi olarak tan\u0131ml\u0131yoruz. Loop d\u00f6ng\u00fcs\u00fcn\u00fcn i\u00e7ine girip write() fonksiyonunu kullanarak ilk parametreye neyin gidece\u011fini, ikinci parametreye sizeof() fonksiyonunun geri d\u00f6n\u00fc\u015f de\u011ferini yaz\u0131yoruz.<\/p>\n\n\n\n<p class=\"wp-block-paragraph\"><strong>Al\u0131c\u0131<\/strong><\/p>\n\n\n\n<p class=\"wp-block-paragraph\">Begin sat\u0131r\u0131na kadar olan kodlar verici k\u0131s\u0131mla ayn\u0131 oldu\u011fundan tekrardan de\u011finmiyoruz. openReadinPipe() ile bir okuma hatt\u0131 olu\u015fturuyoruz. startListening() ile dinlemeyi ba\u015flat\u0131yoruz. Seri monit\u00f6r\u00fc a\u00e7mak i\u00e7in baud rate h\u0131z\u0131m\u0131z\u0131 yaz\u0131yoruz. 32 byte\u2019l\u0131k gelen ad\u0131nda bir dizi olu\u015fturuyoruz. Available() komutu verinin al\u0131c\u0131ya ula\u015f\u0131p ula\u015fmad\u0131\u011f\u0131n\u0131 kontrol ediyor. Veri geliyorsa kablosuz.read() ile veriyi okuyup, sizeof() komutu ile veri uzunlu\u011funu alg\u0131lay\u0131p veriyi &#8220;gelen&#8221; dizisine aktar\u0131yoruz. Serial.println() komutu ile gelen veriyi ekrana yazd\u0131r\u0131yoruz.<\/p>\n\n\n<div class=\"wp-block-syntaxhighlighter-code \"><pre class=\"brush: arduino; title: ; notranslate\" title=\"\">\n#include &lt;SPI.h&gt;\n#include &lt;nRF24L01.h&gt;\n#include &lt;RF24.h&gt;\n \nRF24 kablosuz(9, 10);\nconst byte adres&#x5B;] = &quot;arkis&quot;;\n \nvoid setup() {\n  kablosuz.begin();\n  kablosuz.openReadingPipe(0, adres);\n  kablosuz.startListening();\n  Serial.begin(9600);\n}\n \nchar gelen&#x5B;32];\n \nvoid loop() {\n \n  if (kablosuz.available()) {\n    kablosuz.read(gelen, sizeof(gelen));\n    Serial.println(gelen);\n  }\n \n}\n<\/pre><\/div>\n\n\n<p class=\"wp-block-paragraph\">Burada bahsedilen kodlarla ilgili daha detayl\u0131 bilgiye &nbsp;\u201c<a href=\"https:\/\/arkis.com.tr\/?page_id=166\">nRF24L01 ile Basit Kablosuz Haberle\u015fme<\/a>\u201d makalemizden ula\u015fabilirsiniz.<\/p>\n","protected":false},"excerpt":{"rendered":"<p>nRF24L01 ve Arduino ile Basit Kablosuz Haberle\u015fme (nRF24L01 Mod\u00fcl\u00fcne Giri\u015f #1) Bu uygulamada nRF24L01 haberle\u015fme mod\u00fcl\u00fcn\u00fcn, Arduino Nano ile en temel \u015fekilde nas\u0131l haberle\u015fece\u011fi anlat\u0131lmaktad\u0131r. Bu haberle\u015fme ger\u00e7ekle\u015firken hi\u00e7bir ek komponent kullan\u0131lmam\u0131\u015f, sadece nRF24L01\u2019ler (al\u0131c\u0131 ve verici) kullan\u0131lm\u0131\u015ft\u0131r. nRF24L01\u2019in Arduino Nano ile ba\u011flant\u0131s\u0131 i\u00e7in \u201c nRF \u2013 Nano Geli\u015ftirme Kiti \u201d kullan\u0131lm\u0131\u015ft\u0131r. nRF \u2013 Nano [&hellip;]<\/p>\n","protected":false},"author":2,"featured_media":0,"parent":0,"menu_order":0,"comment_status":"closed","ping_status":"closed","template":"","meta":{"_crdt_document":"","_uag_custom_page_level_css":"","footnotes":""},"class_list":["post-343","page","type-page","status-publish","hentry"],"yoast_head":"<!-- This site is optimized with the Yoast SEO plugin v27.3 - https:\/\/yoast.com\/product\/yoast-seo-wordpress\/ -->\n<title>nRF24L01 ve Arduino ile Basit Kablosuz Haberle\u015fme (nRF24L01 Mod\u00fcl\u00fcne Giri\u015f #1) - Ark\u0131\u015f M\u00fchendislik<\/title>\n<meta name=\"robots\" content=\"index, follow, max-snippet:-1, max-image-preview:large, max-video-preview:-1\" \/>\n<link rel=\"canonical\" href=\"https:\/\/arkis.com.tr\/?page_id=343\" \/>\n<meta property=\"og:locale\" content=\"tr_TR\" \/>\n<meta property=\"og:type\" content=\"article\" \/>\n<meta property=\"og:title\" content=\"nRF24L01 ve Arduino ile Basit Kablosuz Haberle\u015fme (nRF24L01 Mod\u00fcl\u00fcne Giri\u015f #1) - Ark\u0131\u015f M\u00fchendislik\" \/>\n<meta property=\"og:description\" content=\"nRF24L01 ve Arduino ile Basit Kablosuz Haberle\u015fme (nRF24L01 Mod\u00fcl\u00fcne Giri\u015f #1) Bu uygulamada nRF24L01 haberle\u015fme mod\u00fcl\u00fcn\u00fcn, Arduino Nano ile en temel \u015fekilde nas\u0131l haberle\u015fece\u011fi anlat\u0131lmaktad\u0131r. Bu haberle\u015fme ger\u00e7ekle\u015firken hi\u00e7bir ek komponent kullan\u0131lmam\u0131\u015f, sadece nRF24L01\u2019ler (al\u0131c\u0131 ve verici) kullan\u0131lm\u0131\u015ft\u0131r. nRF24L01\u2019in Arduino Nano ile ba\u011flant\u0131s\u0131 i\u00e7in \u201c nRF \u2013 Nano Geli\u015ftirme Kiti \u201d kullan\u0131lm\u0131\u015ft\u0131r. nRF \u2013 Nano [&hellip;]\" \/>\n<meta property=\"og:url\" content=\"https:\/\/arkis.com.tr\/?page_id=343\" \/>\n<meta property=\"og:site_name\" content=\"Ark\u0131\u015f M\u00fchendislik\" \/>\n<meta property=\"article:modified_time\" content=\"2023-01-27T16:10:23+00:00\" \/>\n<meta property=\"og:image\" content=\"https:\/\/arkis.com.tr\/wp-content\/uploads\/2023\/01\/montaj-videosu.gif\" \/>\n<meta name=\"twitter:card\" content=\"summary_large_image\" \/>\n<script type=\"application\/ld+json\" class=\"yoast-schema-graph\">{\"@context\":\"https:\\\/\\\/schema.org\",\"@graph\":[{\"@type\":\"WebPage\",\"@id\":\"https:\\\/\\\/arkis.com.tr\\\/?page_id=343\",\"url\":\"https:\\\/\\\/arkis.com.tr\\\/?page_id=343\",\"name\":\"nRF24L01 ve Arduino ile Basit Kablosuz Haberle\u015fme (nRF24L01 Mod\u00fcl\u00fcne Giri\u015f #1) - Ark\u0131\u015f M\u00fchendislik\",\"isPartOf\":{\"@id\":\"https:\\\/\\\/arkis.com.tr\\\/#website\"},\"primaryImageOfPage\":{\"@id\":\"https:\\\/\\\/arkis.com.tr\\\/?page_id=343#primaryimage\"},\"image\":{\"@id\":\"https:\\\/\\\/arkis.com.tr\\\/?page_id=343#primaryimage\"},\"thumbnailUrl\":\"https:\\\/\\\/arkis.com.tr\\\/wp-content\\\/uploads\\\/2023\\\/01\\\/montaj-videosu.gif\",\"datePublished\":\"2023-01-27T16:10:22+00:00\",\"dateModified\":\"2023-01-27T16:10:23+00:00\",\"breadcrumb\":{\"@id\":\"https:\\\/\\\/arkis.com.tr\\\/?page_id=343#breadcrumb\"},\"inLanguage\":\"tr\",\"potentialAction\":[{\"@type\":\"ReadAction\",\"target\":[\"https:\\\/\\\/arkis.com.tr\\\/?page_id=343\"]}]},{\"@type\":\"ImageObject\",\"inLanguage\":\"tr\",\"@id\":\"https:\\\/\\\/arkis.com.tr\\\/?page_id=343#primaryimage\",\"url\":\"https:\\\/\\\/arkis.com.tr\\\/wp-content\\\/uploads\\\/2023\\\/01\\\/montaj-videosu.gif\",\"contentUrl\":\"https:\\\/\\\/arkis.com.tr\\\/wp-content\\\/uploads\\\/2023\\\/01\\\/montaj-videosu.gif\",\"width\":1152,\"height\":648},{\"@type\":\"BreadcrumbList\",\"@id\":\"https:\\\/\\\/arkis.com.tr\\\/?page_id=343#breadcrumb\",\"itemListElement\":[{\"@type\":\"ListItem\",\"position\":1,\"name\":\"Anasayfa\",\"item\":\"https:\\\/\\\/arkis.com.tr\\\/\"},{\"@type\":\"ListItem\",\"position\":2,\"name\":\"nRF24L01 ve Arduino ile Basit Kablosuz Haberle\u015fme (nRF24L01 Mod\u00fcl\u00fcne Giri\u015f #1)\"}]},{\"@type\":\"WebSite\",\"@id\":\"https:\\\/\\\/arkis.com.tr\\\/#website\",\"url\":\"https:\\\/\\\/arkis.com.tr\\\/\",\"name\":\"Ark\u0131\u015f M\u00fchendislik\",\"description\":\"\",\"publisher\":{\"@id\":\"https:\\\/\\\/arkis.com.tr\\\/#organization\"},\"potentialAction\":[{\"@type\":\"SearchAction\",\"target\":{\"@type\":\"EntryPoint\",\"urlTemplate\":\"https:\\\/\\\/arkis.com.tr\\\/?s={search_term_string}\"},\"query-input\":{\"@type\":\"PropertyValueSpecification\",\"valueRequired\":true,\"valueName\":\"search_term_string\"}}],\"inLanguage\":\"tr\"},{\"@type\":\"Organization\",\"@id\":\"https:\\\/\\\/arkis.com.tr\\\/#organization\",\"name\":\"Ark\u0131\u015f M\u00fchendislik\",\"url\":\"https:\\\/\\\/arkis.com.tr\\\/\",\"logo\":{\"@type\":\"ImageObject\",\"inLanguage\":\"tr\",\"@id\":\"https:\\\/\\\/arkis.com.tr\\\/#\\\/schema\\\/logo\\\/image\\\/\",\"url\":\"https:\\\/\\\/arkis.com.tr\\\/wp-content\\\/uploads\\\/2022\\\/11\\\/cropped-Amblem_Seffaf-1.png\",\"contentUrl\":\"https:\\\/\\\/arkis.com.tr\\\/wp-content\\\/uploads\\\/2022\\\/11\\\/cropped-Amblem_Seffaf-1.png\",\"width\":512,\"height\":512,\"caption\":\"Ark\u0131\u015f M\u00fchendislik\"},\"image\":{\"@id\":\"https:\\\/\\\/arkis.com.tr\\\/#\\\/schema\\\/logo\\\/image\\\/\"}}]}<\/script>\n<!-- \/ Yoast SEO plugin. -->","yoast_head_json":{"title":"nRF24L01 ve Arduino ile Basit Kablosuz Haberle\u015fme (nRF24L01 Mod\u00fcl\u00fcne Giri\u015f #1) - Ark\u0131\u015f M\u00fchendislik","robots":{"index":"index","follow":"follow","max-snippet":"max-snippet:-1","max-image-preview":"max-image-preview:large","max-video-preview":"max-video-preview:-1"},"canonical":"https:\/\/arkis.com.tr\/?page_id=343","og_locale":"tr_TR","og_type":"article","og_title":"nRF24L01 ve Arduino ile Basit Kablosuz Haberle\u015fme (nRF24L01 Mod\u00fcl\u00fcne Giri\u015f #1) - Ark\u0131\u015f M\u00fchendislik","og_description":"nRF24L01 ve Arduino ile Basit Kablosuz Haberle\u015fme (nRF24L01 Mod\u00fcl\u00fcne Giri\u015f #1) Bu uygulamada nRF24L01 haberle\u015fme mod\u00fcl\u00fcn\u00fcn, Arduino Nano ile en temel \u015fekilde nas\u0131l haberle\u015fece\u011fi anlat\u0131lmaktad\u0131r. Bu haberle\u015fme ger\u00e7ekle\u015firken hi\u00e7bir ek komponent kullan\u0131lmam\u0131\u015f, sadece nRF24L01\u2019ler (al\u0131c\u0131 ve verici) kullan\u0131lm\u0131\u015ft\u0131r. nRF24L01\u2019in Arduino Nano ile ba\u011flant\u0131s\u0131 i\u00e7in \u201c nRF \u2013 Nano Geli\u015ftirme Kiti \u201d kullan\u0131lm\u0131\u015ft\u0131r. nRF \u2013 Nano [&hellip;]","og_url":"https:\/\/arkis.com.tr\/?page_id=343","og_site_name":"Ark\u0131\u015f M\u00fchendislik","article_modified_time":"2023-01-27T16:10:23+00:00","og_image":[{"url":"https:\/\/arkis.com.tr\/wp-content\/uploads\/2023\/01\/montaj-videosu.gif","type":"","width":"","height":""}],"twitter_card":"summary_large_image","schema":{"@context":"https:\/\/schema.org","@graph":[{"@type":"WebPage","@id":"https:\/\/arkis.com.tr\/?page_id=343","url":"https:\/\/arkis.com.tr\/?page_id=343","name":"nRF24L01 ve Arduino ile Basit Kablosuz Haberle\u015fme (nRF24L01 Mod\u00fcl\u00fcne Giri\u015f #1) - Ark\u0131\u015f M\u00fchendislik","isPartOf":{"@id":"https:\/\/arkis.com.tr\/#website"},"primaryImageOfPage":{"@id":"https:\/\/arkis.com.tr\/?page_id=343#primaryimage"},"image":{"@id":"https:\/\/arkis.com.tr\/?page_id=343#primaryimage"},"thumbnailUrl":"https:\/\/arkis.com.tr\/wp-content\/uploads\/2023\/01\/montaj-videosu.gif","datePublished":"2023-01-27T16:10:22+00:00","dateModified":"2023-01-27T16:10:23+00:00","breadcrumb":{"@id":"https:\/\/arkis.com.tr\/?page_id=343#breadcrumb"},"inLanguage":"tr","potentialAction":[{"@type":"ReadAction","target":["https:\/\/arkis.com.tr\/?page_id=343"]}]},{"@type":"ImageObject","inLanguage":"tr","@id":"https:\/\/arkis.com.tr\/?page_id=343#primaryimage","url":"https:\/\/arkis.com.tr\/wp-content\/uploads\/2023\/01\/montaj-videosu.gif","contentUrl":"https:\/\/arkis.com.tr\/wp-content\/uploads\/2023\/01\/montaj-videosu.gif","width":1152,"height":648},{"@type":"BreadcrumbList","@id":"https:\/\/arkis.com.tr\/?page_id=343#breadcrumb","itemListElement":[{"@type":"ListItem","position":1,"name":"Anasayfa","item":"https:\/\/arkis.com.tr\/"},{"@type":"ListItem","position":2,"name":"nRF24L01 ve Arduino ile Basit Kablosuz Haberle\u015fme (nRF24L01 Mod\u00fcl\u00fcne Giri\u015f #1)"}]},{"@type":"WebSite","@id":"https:\/\/arkis.com.tr\/#website","url":"https:\/\/arkis.com.tr\/","name":"Ark\u0131\u015f M\u00fchendislik","description":"","publisher":{"@id":"https:\/\/arkis.com.tr\/#organization"},"potentialAction":[{"@type":"SearchAction","target":{"@type":"EntryPoint","urlTemplate":"https:\/\/arkis.com.tr\/?s={search_term_string}"},"query-input":{"@type":"PropertyValueSpecification","valueRequired":true,"valueName":"search_term_string"}}],"inLanguage":"tr"},{"@type":"Organization","@id":"https:\/\/arkis.com.tr\/#organization","name":"Ark\u0131\u015f M\u00fchendislik","url":"https:\/\/arkis.com.tr\/","logo":{"@type":"ImageObject","inLanguage":"tr","@id":"https:\/\/arkis.com.tr\/#\/schema\/logo\/image\/","url":"https:\/\/arkis.com.tr\/wp-content\/uploads\/2022\/11\/cropped-Amblem_Seffaf-1.png","contentUrl":"https:\/\/arkis.com.tr\/wp-content\/uploads\/2022\/11\/cropped-Amblem_Seffaf-1.png","width":512,"height":512,"caption":"Ark\u0131\u015f M\u00fchendislik"},"image":{"@id":"https:\/\/arkis.com.tr\/#\/schema\/logo\/image\/"}}]}},"uagb_featured_image_src":{"full":false,"thumbnail":false,"medium":false,"medium_large":false,"large":false,"1536x1536":false,"2048x2048":false,"blog-large":false,"blog-medium":false,"blog-masonry":false,"blog-masonry-small":false,"blog-grid":false,"blog-grid-small":false,"related-post":false,"widget-thumb-medium":false},"uagb_author_info":{"display_name":"Ark\u0131\u015f M\u00fchendislik","author_link":"https:\/\/arkis.com.tr\/?author=2"},"uagb_comment_info":0,"uagb_excerpt":"nRF24L01 ve Arduino ile Basit Kablosuz Haberle\u015fme (nRF24L01 Mod\u00fcl\u00fcne Giri\u015f #1) Bu uygulamada nRF24L01 haberle\u015fme mod\u00fcl\u00fcn\u00fcn, Arduino Nano ile en temel \u015fekilde nas\u0131l haberle\u015fece\u011fi anlat\u0131lmaktad\u0131r. Bu haberle\u015fme ger\u00e7ekle\u015firken hi\u00e7bir ek komponent kullan\u0131lmam\u0131\u015f, sadece nRF24L01\u2019ler (al\u0131c\u0131 ve verici) kullan\u0131lm\u0131\u015ft\u0131r. nRF24L01\u2019in Arduino Nano ile ba\u011flant\u0131s\u0131 i\u00e7in \u201c nRF \u2013 Nano Geli\u015ftirme Kiti \u201d kullan\u0131lm\u0131\u015ft\u0131r. nRF \u2013 Nano&hellip;","_links":{"self":[{"href":"https:\/\/arkis.com.tr\/index.php?rest_route=\/wp\/v2\/pages\/343","targetHints":{"allow":["GET"]}}],"collection":[{"href":"https:\/\/arkis.com.tr\/index.php?rest_route=\/wp\/v2\/pages"}],"about":[{"href":"https:\/\/arkis.com.tr\/index.php?rest_route=\/wp\/v2\/types\/page"}],"author":[{"embeddable":true,"href":"https:\/\/arkis.com.tr\/index.php?rest_route=\/wp\/v2\/users\/2"}],"replies":[{"embeddable":true,"href":"https:\/\/arkis.com.tr\/index.php?rest_route=%2Fwp%2Fv2%2Fcomments&post=343"}],"version-history":[{"count":18,"href":"https:\/\/arkis.com.tr\/index.php?rest_route=\/wp\/v2\/pages\/343\/revisions"}],"predecessor-version":[{"id":395,"href":"https:\/\/arkis.com.tr\/index.php?rest_route=\/wp\/v2\/pages\/343\/revisions\/395"}],"wp:attachment":[{"href":"https:\/\/arkis.com.tr\/index.php?rest_route=%2Fwp%2Fv2%2Fmedia&parent=343"}],"curies":[{"name":"wp","href":"https:\/\/api.w.org\/{rel}","templated":true}]}}